{"id":5492,"date":"2023-06-07T11:54:31","date_gmt":"2023-06-07T09:54:31","guid":{"rendered":"https:\/\/rinnopower.com\/?page_id=5492"},"modified":"2025-05-19T14:11:54","modified_gmt":"2025-05-19T12:11:54","slug":"projektue","status":"publish","type":"page","link":"https:\/\/rinnopower.com\/index.php\/projektue\/","title":{"rendered":"projektUE"},"content":{"rendered":"<div id=\"sp-page\" class=\"spBgcover sp-content-1\" style=\"background-color: rgb(255, 255, 255); font-family: 'Helvetica Neue', Arial, sans-serif; font-weight: 400;\">\n<section id=\"sp-ks8a8s\" data-mobile-visibility=\"#sp-ks8a8s|false\" data-tablet-visibility=\"#sp-ks8a8s|false\" data-desktop-visibility=\"#sp-ks8a8s|false\" data-mobile-css=\"\" data-tablet-css=\"\" class=\"sp-el-section \" style=\"width: 100%; max-width: 100%; padding: 10px;\">\n<div id=\"sp-vw3kvy\" data-mobile-visibility=\"#sp-vw3kvy|false\" data-tablet-visibility=\"#sp-vw3kvy|false\" data-desktop-visibility=\"#sp-vw3kvy|false\" data-mobile-css=\"\" data-tablet-css=\"\" class=\"sp-el-row sp-w-full  sp-m-auto sm:sp-flex sp-justify-between\" style=\"padding: 0px;\">\n<div id=\"sp-p2iqb0\" data-mobile-visibility=\"#sp-p2iqb0|false\" data-tablet-visibility=\"#sp-p2iqb0|false\" data-desktop-visibility=\"#sp-p2iqb0|false\" data-mobile-css=\"\" data-tablet-css=\"\" class=\"sp-el-col  sp-w-full\" style=\"width: calc(100% + 0px);\">\n<div id=\"sp-lfov2p\" data-mobile-css=\".sp-text-wrapper-lfov2p, #sp-lfov2p, #lfov2p|text-align:left;\" data-tablet-css=\".sp-text-wrapper-lfov2p, #sp-lfov2p, #lfov2p|text-align:left;\" data-mobile-visibility=\".sp-text-wrapper-lfov2p|false\" data-tablet-visibility=\".sp-text-wrapper-lfov2p|false\" data-desktop-visibility=\".sp-text-wrapper-lfov2p|false\" class=\"sp-css-target sp-text-wrapper sp-el-block sp-text-block-style sp-text-wrapper-lfov2p\" style=\"margin: 0px; text-align: center;\">\n<p>Platforma Rinno Power realizowana jest przy wsparciu funduszy unijnych.<\/p>\n<\/div>\n<\/div>\n<\/div>\n<div id=\"sp-k6r3sg\" data-mobile-visibility=\"#sp-k6r3sg|false\" data-tablet-visibility=\"#sp-k6r3sg|false\" data-desktop-visibility=\"#sp-k6r3sg|false\" data-mobile-css=\"\" data-tablet-css=\"\" class=\"sp-el-row sp-w-full  sp-m-auto sm:sp-flex sp-justify-between\">\n<div id=\"sp-s4nghi\" data-mobile-visibility=\"#sp-s4nghi|false\" data-tablet-visibility=\"#sp-s4nghi|false\" data-desktop-visibility=\"#sp-s4nghi|false\" data-mobile-css=\"\" data-tablet-css=\"\" class=\"sp-el-col  sp-w-full\" style=\"width: calc(100% + 0px);\">\n<figure id=\"sp-clyvjc\" data-mobile-css=\"#sp-clyvjc|text-align:center;\" data-tablet-css=\"#sp-clyvjc|text-align:center;\" class=\"sp-image-wrapper sp-el-block\" style=\"margin: 0px; text-align: center;\">\n<div><span><img fetchpriority=\"high\" decoding=\"async\" src=\"\/\/rinnopower.com\/wp-content\/uploads\/2020\/01\/logotypy-scaled.jpg\" alt=\"Logo fundusze europejskie\" width=\"2560\" height=\"357\" data-dynamic-tag=\"\" data-image-src=\"\" data-mobile-visibility=\".sp-image-block-clyvjc|false\" data-tablet-visibility=\".sp-image-block-clyvjc|false\" data-desktop-visibility=\".sp-image-block-clyvjc|false\" srcset=\" \/\/rinnopower.com\/wp-content\/uploads\/2020\/01\/logotypy-150x150.jpg 150w, \/\/rinnopower.com\/wp-content\/uploads\/2020\/01\/logotypy-300x42.jpg 300w, \/\/rinnopower.com\/wp-content\/uploads\/2020\/01\/logotypy-1024x143.jpg 1024w, \/\/rinnopower.com\/wp-content\/uploads\/2020\/01\/logotypy-scaled.jpg 2560w\" class=\"sp-image-block-clyvjc custom-preview-class\" style=\"width: 2560px;\"><\/span><\/div>\n<div id=\"sp-image-dynamic-tags-js-clyvjc\"><script>jQuery(function() { image_dynamic_tags('clyvjc' );});<\/script><\/div>\n<\/figure>\n<div id=\"uuzhmz\" data-mobile-css=\".sp-text-wrapper-uuzhmz, #sp-uuzhmz, #uuzhmz|text-align:left;\" data-tablet-css=\".sp-text-wrapper-uuzhmz, #sp-uuzhmz, #uuzhmz|text-align:left;\" data-mobile-visibility=\".sp-text-wrapper-uuzhmz|false\" data-tablet-visibility=\".sp-text-wrapper-uuzhmz|false\" data-desktop-visibility=\".sp-text-wrapper-uuzhmz|false\" class=\"sp-css-target sp-text-wrapper sp-el-block sp-text-block-style sp-text-wrapper-uuzhmz mce-content-body html4-captions\"  style=\"margin: 0px; text-align: center; position: relative;\" >\n<p><strong>Program Operacyjny Polska Wschodnia<\/strong><\/p>\n<p><\/p>\n<p>Tytu\u0142 projektu: <strong>Rinno Power &#8211; platforma wspieraj\u0105ca zawieranie bezpo\u015brednich um\u00f3w sprzeda\u017cy energii (tzw. um\u00f3w PPA) z OZE dla segmentu B2B<\/strong><\/p>\n<p><\/p>\n<p>Nazwa beneficjenta: <strong>Rinno Power Sp. z o.o.<\/strong><\/p>\n<p>Warto\u015b\u0107 projektu: <strong>1 301 771,22<\/strong><strong> z\u0142<\/strong><\/p>\n<p>Wk\u0142ad Funduszu Europejskiego: <strong>998 892,95<\/strong> <strong>z\u0142<\/strong><\/p>\n<p><\/p>\n<p>Celem projektu jest rozwini\u0119cie w Polsce wschodniej dzia\u0142alno\u015bci przedsi\u0119biorstwa Rinno Power Sp. z o.o. w oparciu o stworzon\u0105 <br \/>w ramach projektu platform\u0119 \u201edata-driven marketplace\u201d (stanowi\u0105c\u0105 innowacyjny produkt) umo\u017cliwiaj\u0105cej zawieranie um\u00f3w PPA oraz jej wprowadzenie i promocj\u0119 na Polskim rynku, a tak\u017ce zbudowanie podwalin dla ekspansji zagranicznej.<\/p>\n<p>Planowane efekty projektu: Opracowanie i wdro\u017cenie innowacyjnej platformy wspieraj\u0105cej zawieranie um\u00f3w PPA z OZE dla segmentu B2B<\/p>\n<\/div>\n<\/div>\n<\/div>\n<\/section>\n<\/div>\n","protected":false},"excerpt":{"rendered":"<p>Platforma Rinno Power realizowana jest przy wsparciu funduszy unijnych. Program Operacyjny Polska Wschodnia Tytu\u0142 projektu: Rinno Power &#8211; platforma wspieraj\u0105ca zawieranie bezpo\u015brednich um\u00f3w sprzeda\u017cy energii (tzw. um\u00f3w PPA) z OZE dla segmentu B2B Nazwa beneficjenta: Rinno Power Sp. z o.o. Warto\u015b\u0107 projektu: 1 301 771,22 z\u0142 Wk\u0142ad Funduszu Europejskiego: 998 892,95 z\u0142 Celem projektu jest [&hellip;]<\/p>\n","protected":false},"author":2,"featured_media":0,"parent":0,"menu_order":0,"comment_status":"closed","ping_status":"closed","template":"","meta":{"footnotes":""},"class_list":["post-5492","page","type-page","status-publish","hentry"],"yoast_head":"<!-- This site is optimized with the Yoast SEO plugin v23.8 - https:\/\/yoast.com\/wordpress\/plugins\/seo\/ -->\n<title>projektUE - Rinno Power<\/title>\n<meta name=\"robots\" content=\"index, follow, max-snippet:-1, max-image-preview:large, max-video-preview:-1\" \/>\n<link rel=\"canonical\" href=\"https:\/\/rinnopower.com\/index.php\/projektue\/\" \/>\n<meta property=\"og:locale\" content=\"pl_PL\" \/>\n<meta property=\"og:type\" content=\"article\" \/>\n<meta property=\"og:title\" content=\"projektUE - Rinno Power\" \/>\n<meta property=\"og:description\" content=\"Platforma Rinno Power realizowana jest przy wsparciu funduszy unijnych. Program Operacyjny Polska Wschodnia Tytu\u0142 projektu: Rinno Power &#8211; platforma wspieraj\u0105ca zawieranie bezpo\u015brednich um\u00f3w sprzeda\u017cy energii (tzw. um\u00f3w PPA) z OZE dla segmentu B2B Nazwa beneficjenta: Rinno Power Sp. z o.o. Warto\u015b\u0107 projektu: 1 301 771,22 z\u0142 Wk\u0142ad Funduszu Europejskiego: 998 892,95 z\u0142 Celem projektu jest [&hellip;]\" \/>\n<meta property=\"og:url\" content=\"https:\/\/rinnopower.com\/index.php\/projektue\/\" \/>\n<meta property=\"og:site_name\" content=\"Rinno Power\" \/>\n<meta property=\"article:modified_time\" content=\"2025-05-19T12:11:54+00:00\" \/>\n<meta name=\"twitter:card\" content=\"summary_large_image\" \/>\n<meta name=\"twitter:label1\" content=\"Szacowany czas czytania\" \/>\n\t<meta name=\"twitter:data1\" content=\"1 minuta\" \/>\n<script type=\"application\/ld+json\" class=\"yoast-schema-graph\">{\"@context\":\"https:\/\/schema.org\",\"@graph\":[{\"@type\":\"WebPage\",\"@id\":\"https:\/\/rinnopower.com\/index.php\/projektue\/\",\"url\":\"https:\/\/rinnopower.com\/index.php\/projektue\/\",\"name\":\"projektUE - Rinno Power\",\"isPartOf\":{\"@id\":\"https:\/\/rinnopower.com\/#website\"},\"datePublished\":\"2023-06-07T09:54:31+00:00\",\"dateModified\":\"2025-05-19T12:11:54+00:00\",\"breadcrumb\":{\"@id\":\"https:\/\/rinnopower.com\/index.php\/projektue\/#breadcrumb\"},\"inLanguage\":\"pl-PL\",\"potentialAction\":[{\"@type\":\"ReadAction\",\"target\":[\"https:\/\/rinnopower.com\/index.php\/projektue\/\"]}]},{\"@type\":\"BreadcrumbList\",\"@id\":\"https:\/\/rinnopower.com\/index.php\/projektue\/#breadcrumb\",\"itemListElement\":[{\"@type\":\"ListItem\",\"position\":1,\"name\":\"Home\",\"item\":\"https:\/\/rinnopower.com\/\"},{\"@type\":\"ListItem\",\"position\":2,\"name\":\"projektUE\"}]},{\"@type\":\"WebSite\",\"@id\":\"https:\/\/rinnopower.com\/#website\",\"url\":\"https:\/\/rinnopower.com\/\",\"name\":\"Rinno Power\",\"description\":\"Proste zawierania um\u00f3w PPA\",\"potentialAction\":[{\"@type\":\"SearchAction\",\"target\":{\"@type\":\"EntryPoint\",\"urlTemplate\":\"https:\/\/rinnopower.com\/?s={search_term_string}\"},\"query-input\":{\"@type\":\"PropertyValueSpecification\",\"valueRequired\":true,\"valueName\":\"search_term_string\"}}],\"inLanguage\":\"pl-PL\"}]}<\/script>\n<!-- \/ Yoast SEO plugin. -->","yoast_head_json":{"title":"projektUE - Rinno Power","robots":{"index":"index","follow":"follow","max-snippet":"max-snippet:-1","max-image-preview":"max-image-preview:large","max-video-preview":"max-video-preview:-1"},"canonical":"https:\/\/rinnopower.com\/index.php\/projektue\/","og_locale":"pl_PL","og_type":"article","og_title":"projektUE - Rinno Power","og_description":"Platforma Rinno Power realizowana jest przy wsparciu funduszy unijnych. Program Operacyjny Polska Wschodnia Tytu\u0142 projektu: Rinno Power &#8211; platforma wspieraj\u0105ca zawieranie bezpo\u015brednich um\u00f3w sprzeda\u017cy energii (tzw. um\u00f3w PPA) z OZE dla segmentu B2B Nazwa beneficjenta: Rinno Power Sp. z o.o. Warto\u015b\u0107 projektu: 1 301 771,22 z\u0142 Wk\u0142ad Funduszu Europejskiego: 998 892,95 z\u0142 Celem projektu jest [&hellip;]","og_url":"https:\/\/rinnopower.com\/index.php\/projektue\/","og_site_name":"Rinno Power","article_modified_time":"2025-05-19T12:11:54+00:00","twitter_card":"summary_large_image","twitter_misc":{"Szacowany czas czytania":"1 minuta"},"schema":{"@context":"https:\/\/schema.org","@graph":[{"@type":"WebPage","@id":"https:\/\/rinnopower.com\/index.php\/projektue\/","url":"https:\/\/rinnopower.com\/index.php\/projektue\/","name":"projektUE - Rinno Power","isPartOf":{"@id":"https:\/\/rinnopower.com\/#website"},"datePublished":"2023-06-07T09:54:31+00:00","dateModified":"2025-05-19T12:11:54+00:00","breadcrumb":{"@id":"https:\/\/rinnopower.com\/index.php\/projektue\/#breadcrumb"},"inLanguage":"pl-PL","potentialAction":[{"@type":"ReadAction","target":["https:\/\/rinnopower.com\/index.php\/projektue\/"]}]},{"@type":"BreadcrumbList","@id":"https:\/\/rinnopower.com\/index.php\/projektue\/#breadcrumb","itemListElement":[{"@type":"ListItem","position":1,"name":"Home","item":"https:\/\/rinnopower.com\/"},{"@type":"ListItem","position":2,"name":"projektUE"}]},{"@type":"WebSite","@id":"https:\/\/rinnopower.com\/#website","url":"https:\/\/rinnopower.com\/","name":"Rinno Power","description":"Proste zawierania um\u00f3w PPA","potentialAction":[{"@type":"SearchAction","target":{"@type":"EntryPoint","urlTemplate":"https:\/\/rinnopower.com\/?s={search_term_string}"},"query-input":{"@type":"PropertyValueSpecification","valueRequired":true,"valueName":"search_term_string"}}],"inLanguage":"pl-PL"}]}},"_links":{"self":[{"href":"https:\/\/rinnopower.com\/index.php\/wp-json\/wp\/v2\/pages\/5492","targetHints":{"allow":["GET"]}}],"collection":[{"href":"https:\/\/rinnopower.com\/index.php\/wp-json\/wp\/v2\/pages"}],"about":[{"href":"https:\/\/rinnopower.com\/index.php\/wp-json\/wp\/v2\/types\/page"}],"author":[{"embeddable":true,"href":"https:\/\/rinnopower.com\/index.php\/wp-json\/wp\/v2\/users\/2"}],"replies":[{"embeddable":true,"href":"https:\/\/rinnopower.com\/index.php\/wp-json\/wp\/v2\/comments?post=5492"}],"version-history":[{"count":6,"href":"https:\/\/rinnopower.com\/index.php\/wp-json\/wp\/v2\/pages\/5492\/revisions"}],"predecessor-version":[{"id":5653,"href":"https:\/\/rinnopower.com\/index.php\/wp-json\/wp\/v2\/pages\/5492\/revisions\/5653"}],"wp:attachment":[{"href":"https:\/\/rinnopower.com\/index.php\/wp-json\/wp\/v2\/media?parent=5492"}],"curies":[{"name":"wp","href":"https:\/\/api.w.org\/{rel}","templated":true}]}}